{"id":85,"date":"2019-02-18T10:05:24","date_gmt":"2019-02-18T09:05:24","guid":{"rendered":"https:\/\/emerytura.mentor.pl\/?page_id=85"},"modified":"2024-10-29T09:15:10","modified_gmt":"2024-10-29T08:15:10","slug":"formularz-klienta","status":"publish","type":"page","link":"https:\/\/emerytura.mentor.pl\/?page_id=85","title":{"rendered":"FORMULARZ KLIENTA"},"content":{"rendered":"\n<div class=\"wpcf7 no-js\" id=\"wpcf7-f84-o1\" lang=\"pl-PL\" dir=\"ltr\" data-wpcf7-id=\"84\">\n<div class=\"screen-reader-response\"><p role=\"status\" aria-live=\"polite\" aria-atomic=\"true\"><\/p> <ul><\/ul><\/div>\n<form action=\"\/index.php?rest_route=%2Fwp%2Fv2%2Fpages%2F85#wpcf7-f84-o1\" method=\"post\" class=\"wpcf7-form init\" aria-label=\"Formularz kontaktowy\" novalidate=\"novalidate\" data-status=\"init\">\n<fieldset class=\"hidden-fields-container\"><input type=\"hidden\" name=\"_wpcf7\" value=\"84\" \/><input type=\"hidden\" name=\"_wpcf7_version\" value=\"6.1.5\" \/><input type=\"hidden\" name=\"_wpcf7_locale\" value=\"pl_PL\" \/><input type=\"hidden\" name=\"_wpcf7_unit_tag\" value=\"wpcf7-f84-o1\" \/><input type=\"hidden\" name=\"_wpcf7_container_post\" value=\"0\" \/><input type=\"hidden\" name=\"_wpcf7_posted_data_hash\" value=\"\" \/>\n<\/fieldset>\n<p><label> Nazwa firmy<br \/>\n<span class=\"wpcf7-form-control-wrap\" data-name=\"your-name\"><input size=\"40\" maxlength=\"400\" class=\"wpcf7-form-control wpcf7-text\" aria-invalid=\"false\" value=\"\" type=\"text\" name=\"your-name\" \/><\/span> <\/label>\n<\/p>\n<p><label> Imi\u0119 i nazwisko<br \/>\n<span class=\"wpcf7-form-control-wrap\" data-name=\"osoba\"><input size=\"40\" maxlength=\"400\" class=\"wpcf7-form-control wpcf7-text\" aria-invalid=\"false\" value=\"\" type=\"text\" name=\"osoba\" \/><\/span> <\/label>\n<\/p>\n<p><label> E-mail<br \/>\n<span class=\"wpcf7-form-control-wrap\" data-name=\"dane_kontakt1\"><input size=\"40\" maxlength=\"400\" class=\"wpcf7-form-control wpcf7-text\" aria-invalid=\"false\" value=\"\" type=\"text\" name=\"dane_kontakt1\" \/><\/span> <\/label>\n<\/p>\n<p><label> Telefon<br \/>\n<span class=\"wpcf7-form-control-wrap\" data-name=\"dane_kontakt2\"><input size=\"40\" maxlength=\"400\" class=\"wpcf7-form-control wpcf7-text\" aria-invalid=\"false\" value=\"\" type=\"text\" name=\"dane_kontakt2\" \/><\/span> <\/label>\n<\/p>\n<p><label> Wiadomo\u015b\u0107<br \/>\n<span class=\"wpcf7-form-control-wrap\" data-name=\"your-message\"><textarea cols=\"40\" rows=\"10\" maxlength=\"2000\" class=\"wpcf7-form-control wpcf7-textarea\" aria-invalid=\"false\" name=\"your-message\"><\/textarea><\/span> <\/label>\n<\/p>\n<p><span class=\"wpcf7-form-control-wrap\" data-name=\"acceptance-552\"><span class=\"wpcf7-form-control wpcf7-acceptance\"><span class=\"wpcf7-list-item\"><label><input type=\"checkbox\" name=\"acceptance-552\" value=\"1\" aria-invalid=\"false\" \/><span class=\"wpcf7-list-item-label\">Wyra\u017cam zgod\u0119 na przetwarzanie moich danych osobowych takich jak imi\u0119, nazwisko, numer telefonu i\/lub adres email podanych w niniejszym formularzu kontaktowym w celu udzielania mi informacji tj. przes\u0142ania informacji handlowych  na temat program\u00f3w emerytalno-oszcz\u0119dno\u015bciowych: indywidualnych (IKE, IKZE) i grupowych (PPK, PPO, PSO, PPE) przez Mentor S.A tj. w celu prowadzenia dzia\u0142a\u0144 marketingowych dotycz\u0105cych produkt\u00f3w i us\u0142ug w tym zakresie.<\/span><\/label><\/span><\/span><\/span>\n<\/p>\n<p>Wyra\u017cam zgod\u0119 na kontakt w celu udzielania mi informacji tj. przes\u0142ania mi informacji handlowych na temat program\u00f3w emerytalno-oszcz\u0119dno\u015bciowych: indywidualnych (IKE, IKZE) i grupowych (PPK, PPO, PSO, PPE) przez Mentor S.A za po\u015brednictwem:\n<\/p>\n<p><span class=\"wpcf7-form-control-wrap\" data-name=\"acceptance-553\"><span class=\"wpcf7-form-control wpcf7-acceptance\"><span class=\"wpcf7-list-item\"><label><input type=\"checkbox\" name=\"acceptance-553\" value=\"1\" aria-invalid=\"false\" \/><span class=\"wpcf7-list-item-label\">wiadomo\u015bci email,<\/span><\/label><\/span><\/span><\/span><br \/>\n<span class=\"wpcf7-form-control-wrap\" data-name=\"acceptance-554\"><span class=\"wpcf7-form-control wpcf7-acceptance\"><span class=\"wpcf7-list-item\"><label><input type=\"checkbox\" name=\"acceptance-554\" value=\"1\" aria-invalid=\"false\" \/><span class=\"wpcf7-list-item-label\">rozm\u00f3w telefonicznych.<\/span><\/label><\/span><\/span><\/span>\n<\/p>\n<p>Wyra\u017cona zgoda jest dobrowolna i mo\u017cna j\u0105 wycofa\u0107 w ka\u017cdej chwili w ramach ka\u017cdego z kana\u0142\u00f3w kontaktu, bez wp\u0142ywu na zgodno\u015b\u0107 z prawem przetwarzania, kt\u00f3re odby\u0142o si\u0119 przed wycofaniem.\n<\/p>\n<p>Wycofanie zgody marketingowej jest mo\u017cliwe poprzez kontakt z Mentor S.A. na adres e-mail: iod@mentor.pl b\u0105d\u017a na adres korespondencyjny Mentor S.A. z siedzib\u0105 w Toruniu, ul. Szosa Che\u0142mi\u0144ska 177-181. Wycofanie zgody nie wp\u0142ywa na zgodno\u015b\u0107 z prawem dzia\u0142a\u0144 wykonanych na jej podstawie przed wycofaniem zgody (art. 7 ust. 3 RODO).\n<\/p>\n<p>Zgodnie z przepisami Rozporz\u0105dzenia Parlamentu Europejskiego i Rady (UE) 2016\/679 z dnia 27 kwietnia 2016 r. w sprawie ochrony os\u00f3b fizycznych w zwi\u0105zku z przetwarzaniem danych osobowych i w sprawie swobodnego przep\u0142ywu takich danych oraz uchylenia dyrektywy 95\/46\/WE (og\u00f3lne rozporz\u0105dzenie o ochronie danych) okre\u015blanego dalej w skr\u00f3cie jako \u201eRODO\u201d, informujemy \u017ce:\n<\/p>\n<p>Administratorem Pa\u0144stwa danych osobowych jest Mentor S.A. z siedzib\u0105 w Toruniu, ul. Szosa Che\u0142mi\u0144ska 177-181, zwany dalej Administratorem. Osob\u0105, z kt\u00f3r\u0105 mo\u017cna si\u0119 kontaktowa\u0107 we wszystkich sprawach zwi\u0105zanych z ich przetwarzaniem jest Inspektor Ochrony Danych: iod@mentor.pl.<br \/>\nPa\u0144stwa dane osobowe (imi\u0119, nazwisko, email, numer telefonu) uzyskane za po\u015brednictwem przes\u0142anych nam informacji - uzyskane przez portal emerytura.mentor.pl.\n<\/p>\n<p>Administrator przetwarza w celu udzielania informacji tj. przes\u0142ania informacji handlowych na temat program\u00f3w emerytalno-oszcz\u0119dno\u015bciowych: indywidualnych (IKE, IKZE) i grupowych (PPK, PPO, PSO, PPE). Jest to pe\u0142ny zakres danych jaki zbieramy za po\u015brednictwem formularza kontaktowego na Portalu, kt\u00f3ry wype\u0142niany jest przez Pa\u0144stwa dobrowolnie. Dane te przetwarzamy na podstawie Pa\u0144stwa zgody (Art. 6 ust 1 lit. a RODO).\n<\/p>\n<p>Podstaw\u0105 przetwarzania danych jest zgoda wyra\u017cona przez Pa\u0144stwa na tym portalu.<br \/>\nPodanie przez Pa\u0144stwa danych jest dobrowolne, ale bez tych danych nie b\u0119dziemy w stanie udzieli\u0107 informacji, o kt\u00f3re Pa\u0144stwo wnioskujecie. Dane b\u0119d\u0105 przez nas przetwarzane do momentu wycofania zgody na otrzymywanie informacji handlowych (na podstawie przepis\u00f3w ustawy prawo komunikacji elektronicznej) lub wyra\u017cenia skutecznego sprzeciwu wobec przetwarzania Danych Osobowych.\n<\/p>\n<p>Pa\u0144stwa dane osobowe nie b\u0119d\u0105 przez nas przekazywane poza Europejski Obszar Gospodarczy. Dane te nie b\u0119d\u0105 tak\u017ce poddawane przez Administratora zautomatyzowanemu przetwarzaniu ani profilowaniu.\n<\/p>\n<p>Dane te nie s\u0105 przekazywane innym podmiotom, poza tymi kt\u00f3re mog\u0105 tego za\u017c\u0105da\u0107 na podstawie przepis\u00f3w prawa.<br \/>\nOsobom, kt\u00f3rych dane osobowe przetwarzamy, przys\u0142uguj\u0105 nast\u0119puj\u0105ce prawa:<br \/>\n1. prawo do dost\u0119pu do swoich danych i ich poprawiania;<br \/>\n2. prawo otrzymania ich kopii;<br \/>\n3. prawo do usuni\u0119cia danych;<br \/>\n4. prawo do wycofania zgody na przetwarzanie danych (nie wp\u0142ywa na przetwarzanie danych, kt\u00f3rego dokonywano przed wycofaniem zgody);<br \/>\n5. prawo do wniesienia skargi do Prezesa Urz\u0119du Ochrony Danych Osobowych, je\u015bli uwa\u017caj\u0105 Pa\u0144stwo, \u017ce przetwarzanie Pa\u0144stwa danych osobowych narusza przepisy prawa.\n<\/p>\n<p>Aby skorzysta\u0107 z tych praw mog\u0105 Pa\u0144stwo skontaktowa\u0107 si\u0119 z Mentor S.A. z siedzib\u0105 w Toruniu na ul. Szosa Che\u0142mi\u0144ska 177-181 w Toruniu lub wys\u0142a\u0107 wniosek listownie lub elektronicznie do Administratora na adresy podane na pocz\u0105tku tej informacji.\n<\/p>\n<p><input class=\"wpcf7-form-control wpcf7-submit has-spinner\" type=\"submit\" value=\"Wy\u015blij\" \/>\n<\/p><div class=\"wpcf7-response-output\" aria-hidden=\"true\"><\/div>\n<\/form>\n<\/div>\n\n\n\n\n<p><\/p>\n","protected":false},"excerpt":{"rendered":"","protected":false},"author":1,"featured_media":0,"parent":0,"menu_order":0,"comment_status":"closed","ping_status":"closed","template":"","meta":{"footnotes":""},"class_list":["post-85","page","type-page","status-publish","hentry"],"_links":{"self":[{"href":"https:\/\/emerytura.mentor.pl\/index.php?rest_route=\/wp\/v2\/pages\/85","targetHints":{"allow":["GET"]}}],"collection":[{"href":"https:\/\/emerytura.mentor.pl\/index.php?rest_route=\/wp\/v2\/pages"}],"about":[{"href":"https:\/\/emerytura.mentor.pl\/index.php?rest_route=\/wp\/v2\/types\/page"}],"author":[{"embeddable":true,"href":"https:\/\/emerytura.mentor.pl\/index.php?rest_route=\/wp\/v2\/users\/1"}],"replies":[{"embeddable":true,"href":"https:\/\/emerytura.mentor.pl\/index.php?rest_route=%2Fwp%2Fv2%2Fcomments&post=85"}],"version-history":[{"count":4,"href":"https:\/\/emerytura.mentor.pl\/index.php?rest_route=\/wp\/v2\/pages\/85\/revisions"}],"predecessor-version":[{"id":319,"href":"https:\/\/emerytura.mentor.pl\/index.php?rest_route=\/wp\/v2\/pages\/85\/revisions\/319"}],"wp:attachment":[{"href":"https:\/\/emerytura.mentor.pl\/index.php?rest_route=%2Fwp%2Fv2%2Fmedia&parent=85"}],"curies":[{"name":"wp","href":"https:\/\/api.w.org\/{rel}","templated":true}]}}